{"id":2,"date":"2020-07-27T13:12:53","date_gmt":"2020-07-27T11:12:53","guid":{"rendered":"https:\/\/ryckiedam.eu\/aplikacja\/?page_id=2"},"modified":"2021-12-06T12:03:47","modified_gmt":"2021-12-06T11:03:47","slug":"strona-glowna","status":"publish","type":"page","link":"https:\/\/ryckiedam.eu\/aplikacja\/","title":{"rendered":"Strona g\u0142\u00f3wna"},"content":{"rendered":"","protected":false},"excerpt":{"rendered":"","protected":false},"author":1,"featured_media":0,"parent":0,"menu_order":0,"comment_status":"closed","ping_status":"closed","template":"","meta":[],"acf":[],"yoast_head":"<!-- This site is optimized with the Yoast SEO plugin v19.11 - https:\/\/yoast.com\/wordpress\/plugins\/seo\/ -->\n<title>Strona g\u0142\u00f3wna - Ser Rycki Edam - Jedz naturalne<\/title>\n<meta name=\"description\" content=\"Serowe ciekawostki, Jedz naturalne, Aktywni na SERio, Z\u0142ap oddech, Segregator, Gry i zabawy: Segreguj\u0119 na 5, Zdrowy koszyk, quiz Sprawd\u017a si\u0119.\" \/>\n<meta name=\"robots\" content=\"index, follow, max-snippet:-1, max-image-preview:large, max-video-preview:-1\" \/>\n<link rel=\"canonical\" href=\"https:\/\/ryckiedam.eu\/aplikacja\/\" \/>\n<meta property=\"og:locale\" content=\"pl_PL\" \/>\n<meta property=\"og:type\" content=\"article\" \/>\n<meta property=\"og:title\" content=\"Strona g\u0142\u00f3wna - Ser Rycki Edam - Jedz naturalne\" \/>\n<meta property=\"og:description\" content=\"Serowe ciekawostki, Jedz naturalne, Aktywni na SERio, Z\u0142ap oddech, Segregator, Gry i zabawy: Segreguj\u0119 na 5, Zdrowy koszyk, quiz Sprawd\u017a si\u0119.\" \/>\n<meta property=\"og:url\" content=\"https:\/\/ryckiedam.eu\/aplikacja\/\" \/>\n<meta property=\"og:site_name\" content=\"Ser Rycki Edam - Jedz naturalne\" \/>\n<meta property=\"article:modified_time\" content=\"2021-12-06T11:03:47+00:00\" \/>\n<meta property=\"og:image\" content=\"https:\/\/ryckiedam.eu\/aplikacja\/wp-content\/uploads\/2021\/05\/fbimage.png\" \/>\n\t<meta property=\"og:image:width\" content=\"1200\" \/>\n\t<meta property=\"og:image:height\" content=\"627\" \/>\n\t<meta property=\"og:image:type\" content=\"image\/png\" \/>\n<meta name=\"twitter:card\" content=\"summary_large_image\" \/>\n<meta name=\"twitter:label1\" content=\"Szacowany czas czytania\" \/>\n\t<meta name=\"twitter:data1\" content=\"1 minuta\" \/>\n<script type=\"application\/ld+json\" class=\"yoast-schema-graph\">{\"@context\":\"https:\/\/schema.org\",\"@graph\":[{\"@type\":\"WebPage\",\"@id\":\"https:\/\/ryckiedam.eu\/aplikacja\/\",\"url\":\"https:\/\/ryckiedam.eu\/aplikacja\/\",\"name\":\"Strona g\u0142\u00f3wna - Ser Rycki Edam - Jedz naturalne\",\"isPartOf\":{\"@id\":\"https:\/\/ryckiedam.eu\/aplikacja\/#website\"},\"datePublished\":\"2020-07-27T11:12:53+00:00\",\"dateModified\":\"2021-12-06T11:03:47+00:00\",\"description\":\"Serowe ciekawostki, Jedz naturalne, Aktywni na SERio, Z\u0142ap oddech, Segregator, Gry i zabawy: Segreguj\u0119 na 5, Zdrowy koszyk, quiz Sprawd\u017a si\u0119.\",\"inLanguage\":\"pl-PL\",\"potentialAction\":[{\"@type\":\"ReadAction\",\"target\":[\"https:\/\/ryckiedam.eu\/aplikacja\/\"]}]},{\"@type\":\"WebSite\",\"@id\":\"https:\/\/ryckiedam.eu\/aplikacja\/#website\",\"url\":\"https:\/\/ryckiedam.eu\/aplikacja\/\",\"name\":\"Ser Rycki Edam - Jedz naturalne\",\"description\":\"Serowe ciekawostki, Jedz naturalne, Aktywni na SERio, Z\u0142ap oddech, Segregator, Gry i zabawy: Segreguj\u0119 na 5, Zdrowy koszyk, quiz Sprawd\u017a si\u0119.\",\"potentialAction\":[{\"@type\":\"SearchAction\",\"target\":{\"@type\":\"EntryPoint\",\"urlTemplate\":\"https:\/\/ryckiedam.eu\/aplikacja\/?s={search_term_string}\"},\"query-input\":\"required name=search_term_string\"}],\"inLanguage\":\"pl-PL\"}]}<\/script>\n<!-- \/ Yoast SEO plugin. -->","yoast_head_json":{"title":"Strona g\u0142\u00f3wna - Ser Rycki Edam - Jedz naturalne","description":"Serowe ciekawostki, Jedz naturalne, Aktywni na SERio, Z\u0142ap oddech, Segregator, Gry i zabawy: Segreguj\u0119 na 5, Zdrowy koszyk, quiz Sprawd\u017a si\u0119.","robots":{"index":"index","follow":"follow","max-snippet":"max-snippet:-1","max-image-preview":"max-image-preview:large","max-video-preview":"max-video-preview:-1"},"canonical":"https:\/\/ryckiedam.eu\/aplikacja\/","og_locale":"pl_PL","og_type":"article","og_title":"Strona g\u0142\u00f3wna - Ser Rycki Edam - Jedz naturalne","og_description":"Serowe ciekawostki, Jedz naturalne, Aktywni na SERio, Z\u0142ap oddech, Segregator, Gry i zabawy: Segreguj\u0119 na 5, Zdrowy koszyk, quiz Sprawd\u017a si\u0119.","og_url":"https:\/\/ryckiedam.eu\/aplikacja\/","og_site_name":"Ser Rycki Edam - Jedz naturalne","article_modified_time":"2021-12-06T11:03:47+00:00","og_image":[{"width":1200,"height":627,"url":"https:\/\/ryckiedam.eu\/aplikacja\/wp-content\/uploads\/2021\/05\/fbimage.png","type":"image\/png"}],"twitter_card":"summary_large_image","twitter_misc":{"Szacowany czas czytania":"1 minuta"},"schema":{"@context":"https:\/\/schema.org","@graph":[{"@type":"WebPage","@id":"https:\/\/ryckiedam.eu\/aplikacja\/","url":"https:\/\/ryckiedam.eu\/aplikacja\/","name":"Strona g\u0142\u00f3wna - Ser Rycki Edam - Jedz naturalne","isPartOf":{"@id":"https:\/\/ryckiedam.eu\/aplikacja\/#website"},"datePublished":"2020-07-27T11:12:53+00:00","dateModified":"2021-12-06T11:03:47+00:00","description":"Serowe ciekawostki, Jedz naturalne, Aktywni na SERio, Z\u0142ap oddech, Segregator, Gry i zabawy: Segreguj\u0119 na 5, Zdrowy koszyk, quiz Sprawd\u017a si\u0119.","inLanguage":"pl-PL","potentialAction":[{"@type":"ReadAction","target":["https:\/\/ryckiedam.eu\/aplikacja\/"]}]},{"@type":"WebSite","@id":"https:\/\/ryckiedam.eu\/aplikacja\/#website","url":"https:\/\/ryckiedam.eu\/aplikacja\/","name":"Ser Rycki Edam - Jedz naturalne","description":"Serowe ciekawostki, Jedz naturalne, Aktywni na SERio, Z\u0142ap oddech, Segregator, Gry i zabawy: Segreguj\u0119 na 5, Zdrowy koszyk, quiz Sprawd\u017a si\u0119.","potentialAction":[{"@type":"SearchAction","target":{"@type":"EntryPoint","urlTemplate":"https:\/\/ryckiedam.eu\/aplikacja\/?s={search_term_string}"},"query-input":"required name=search_term_string"}],"inLanguage":"pl-PL"}]}},"_links":{"self":[{"href":"https:\/\/ryckiedam.eu\/aplikacja\/wp-json\/wp\/v2\/pages\/2"}],"collection":[{"href":"https:\/\/ryckiedam.eu\/aplikacja\/wp-json\/wp\/v2\/pages"}],"about":[{"href":"https:\/\/ryckiedam.eu\/aplikacja\/wp-json\/wp\/v2\/types\/page"}],"author":[{"embeddable":true,"href":"https:\/\/ryckiedam.eu\/aplikacja\/wp-json\/wp\/v2\/users\/1"}],"replies":[{"embeddable":true,"href":"https:\/\/ryckiedam.eu\/aplikacja\/wp-json\/wp\/v2\/comments?post=2"}],"version-history":[{"count":153,"href":"https:\/\/ryckiedam.eu\/aplikacja\/wp-json\/wp\/v2\/pages\/2\/revisions"}],"predecessor-version":[{"id":994,"href":"https:\/\/ryckiedam.eu\/aplikacja\/wp-json\/wp\/v2\/pages\/2\/revisions\/994"}],"wp:attachment":[{"href":"https:\/\/ryckiedam.eu\/aplikacja\/wp-json\/wp\/v2\/media?parent=2"}],"curies":[{"name":"wp","href":"https:\/\/api.w.org\/{rel}","templated":true}]}}